{"id":2,"date":"2022-02-11T16:25:07","date_gmt":"2022-02-11T16:25:07","guid":{"rendered":"https:\/\/olivellaibonet.com\/new\/?page_id=2"},"modified":"2024-03-22T18:55:25","modified_gmt":"2024-03-22T18:55:25","slug":"sobre-olivella-i-bonet","status":"publish","type":"page","link":"https:\/\/www.olivellaibonet.com\/index.php\/sobre-olivella-i-bonet\/","title":{"rendered":"Sobre Olivella i Bonet"},"content":{"rendered":"<h4 class=\"wp-block-heading\">Todo empez\u00f3 en los a\u00f1os 80, en l&#8217;Arbo\u00e7 del Pened\u00e9s.<\/h4><p>Situada en la comarca del Pened\u00e9s, famosa por sus vinos y cavas, nos encontramos la famosa \u201cMas\u00eda del Cava\u201d en la localidad del Arbo\u00e7. Por los a\u00f1os 80, Juli\u00e0 Olivella, fund\u00f3 estas cavas, ubicada entre vi\u00f1edos de donde sale el producto estrella: el cava. Para la producci\u00f3n de \u00e9ste se utilizan las variedades de uva: Xarel\u00b7lo, Macabeo, Parellada y Chardonnay, variedades aut\u00f3ctonas de la zona.<\/p><figure class=\"wp-block-image size-large\"><img loading=\"lazy\" decoding=\"async\" width=\"1024\" height=\"297\" src=\"https:\/\/olivellaibonet.com\/new\/wp-content\/uploads\/2022\/02\/cavas-olivella-i-bonet-1-e1711132552214-1024x297.jpg\" alt=\"\" class=\"wp-image-411\" srcset=\"https:\/\/www.olivellaibonet.com\/wp-content\/uploads\/2022\/02\/cavas-olivella-i-bonet-1-e1711132552214-1024x297.jpg 1024w, https:\/\/www.olivellaibonet.com\/wp-content\/uploads\/2022\/02\/cavas-olivella-i-bonet-1-e1711132552214-800x232.jpg 800w, https:\/\/www.olivellaibonet.com\/wp-content\/uploads\/2022\/02\/cavas-olivella-i-bonet-1-e1711132552214-300x87.jpg 300w, https:\/\/www.olivellaibonet.com\/wp-content\/uploads\/2022\/02\/cavas-olivella-i-bonet-1-e1711132552214-768x223.jpg 768w, https:\/\/www.olivellaibonet.com\/wp-content\/uploads\/2022\/02\/cavas-olivella-i-bonet-1-e1711132552214-1140x331.jpg 1140w, https:\/\/www.olivellaibonet.com\/wp-content\/uploads\/2022\/02\/cavas-olivella-i-bonet-1-e1711132552214-920x267.jpg 920w, https:\/\/www.olivellaibonet.com\/wp-content\/uploads\/2022\/02\/cavas-olivella-i-bonet-1-e1711132552214-575x167.jpg 575w, https:\/\/www.olivellaibonet.com\/wp-content\/uploads\/2022\/02\/cavas-olivella-i-bonet-1-e1711132552214-380x110.jpg 380w, https:\/\/www.olivellaibonet.com\/wp-content\/uploads\/2022\/02\/cavas-olivella-i-bonet-1-e1711132552214.jpg 1400w\" sizes=\"auto, (max-width: 1024px) 100vw, 1024px\" \/><\/figure><p>Estas cavas durante muchos a\u00f1os han ido de la mano del se\u00f1or Juli\u00e0 Olivella elaborando cavas de forma artesanal siguiendo el m\u00e9todo tradicional de donde sal\u00edan \u201cOlivella i Bonet\u201d y \u201cMont Caranac\u201d. \u00c9sta cava implicaba dedicaci\u00f3n, trabajo y mucho esfuerzo que ven\u00eda recompensado por la satisfacci\u00f3n de los clientes.<\/p><p>Hace unos 4 a\u00f1os, Juli\u00e0 Olivella decidi\u00f3 jubilarse y la cava quedo sin nadie que continuar con su legado, en ese momento Jaume Sabat\u00e9, amigo y distribuidor del cava desde hac\u00eda m\u00e1s de 36 a\u00f1os, decidi\u00f3 quedarse con la marca y producci\u00f3n de este.<\/p><p>Jaume Sabat\u00e9 proviene de una familia vin\u00edcola cosa que ayudaba en esta toma de decisi\u00f3n. Quedarse con la marca \u201cOlivella i Bonet\u201d era un reto y a la vez un privilegio ya que es una marca emblem\u00e1tica del Pened\u00e9s conocida por muchos clientes que no merec\u00eda la pena que se quedar\u00e1 sin continuidad en el sector del cava.<\/p><p>Despu\u00e9s de cuatro a\u00f1os, Jaume Sabat\u00e9 sigue elaborando la marca \u201cOlivella i Bonet\u201d i \u201cMont Caranac\u201d con las mismas ganas y entusiasmo que lo hacia Juli\u00e0 Olivella. Los cavas se elaboran de forma artesanal siguiendo el m\u00e9todo tradicional para obtener un producto de calidad superior con el que el cliente quede 100% satisfecho.<\/p><p>Nuestros cavas est\u00e1n elaborados siguiendo estrictos controles de temperatura durante las fermentaciones para as\u00ed conseguir frescura y aroma en el producto final.<\/p><div id=\"athemes-blocks-block-e8b67f61\" class=\"wp-block-athemes-athemes-blocks-block-container athemes-blocks-block athemes-blocks-block-e8b67f61 athemes-blocks-block-container alignfull\"><div class=\"athemes-blocks-block-container-wrapper athemes-blocks-block-container-bg-cover athemes-blocks-block-container-bg-effect-scroll\"><img class=\"athemes-blocks-background-image\" width=\"1800\" height=\"800\" srcset=\"https:\/\/olivellaibonet.com\/new\/wp-content\/uploads\/2022\/02\/cavas-olivella-i-bonet-3-150x150.jpg 150w, https:\/\/olivellaibonet.com\/new\/wp-content\/uploads\/2022\/02\/cavas-olivella-i-bonet-3-300x133.jpg 300w, https:\/\/olivellaibonet.com\/new\/wp-content\/uploads\/2022\/02\/cavas-olivella-i-bonet-3-1024x455.jpg 1024w, https:\/\/olivellaibonet.com\/new\/wp-content\/uploads\/2022\/02\/cavas-olivella-i-bonet-3.jpg 1800w, \" sizes=\"auto, (max-width: 1800px) 100vw, 1800px\" alt=\"\" loading=\"lazy\"\/><div class=\"athemes-blocks-block-container-wrapper-content\"><p class=\"has-background has-large-font-size\" style=\"background-color:#e3d4d4\">Con este cambio de mandos, ya no nos podr\u00e9is encontrar f\u00edsicamente en la \u201cMasia del Cava\u201d en el Arbo\u00e7 pero nuestros productos est\u00e1n a la venta f\u00edsicamente en Vinateria Tot Vi, en Reus y online en nuestra p\u00e1gina web.<\/p><\/div><\/div><\/div>","protected":false},"excerpt":{"rendered":"<p>Todo empez\u00f3 en los a\u00f1os 80, en l&#8217;Arbo\u00e7 del Pened\u00e9s. Situada en la comarca del Pened\u00e9s, famosa por sus vinos y cavas, nos encontramos la famosa \u201cMas\u00eda del Cava\u201d en [&hellip;]<\/p>\n","protected":false},"author":1,"featured_media":0,"parent":0,"menu_order":0,"comment_status":"closed","ping_status":"open","template":"","meta":{"footnotes":""},"class_list":["post-2","page","type-page","status-publish","hentry"],"_links":{"self":[{"href":"https:\/\/www.olivellaibonet.com\/index.php\/wp-json\/wp\/v2\/pages\/2","targetHints":{"allow":["GET"]}}],"collection":[{"href":"https:\/\/www.olivellaibonet.com\/index.php\/wp-json\/wp\/v2\/pages"}],"about":[{"href":"https:\/\/www.olivellaibonet.com\/index.php\/wp-json\/wp\/v2\/types\/page"}],"author":[{"embeddable":true,"href":"https:\/\/www.olivellaibonet.com\/index.php\/wp-json\/wp\/v2\/users\/1"}],"replies":[{"embeddable":true,"href":"https:\/\/www.olivellaibonet.com\/index.php\/wp-json\/wp\/v2\/comments?post=2"}],"version-history":[{"count":18,"href":"https:\/\/www.olivellaibonet.com\/index.php\/wp-json\/wp\/v2\/pages\/2\/revisions"}],"predecessor-version":[{"id":535,"href":"https:\/\/www.olivellaibonet.com\/index.php\/wp-json\/wp\/v2\/pages\/2\/revisions\/535"}],"wp:attachment":[{"href":"https:\/\/www.olivellaibonet.com\/index.php\/wp-json\/wp\/v2\/media?parent=2"}],"curies":[{"name":"wp","href":"https:\/\/api.w.org\/{rel}","templated":true}]}}

<h4 class="wp-block-heading">Todo empezó en los años 80, en l&#8217;Arboç del Penedés.</h4><p>Situada en la comarca del Penedés, famosa por sus vinos y cavas, nos encontramos la famosa “Masía del Cava” en la localidad del Arboç. Por los años 80, Julià Olivella, fundó estas cavas, ubicada entre viñedos de donde sale el producto estrella: el cava. Para la producción de éste se utilizan las variedades de uva: Xarel·lo, Macabeo, Parellada y Chardonnay, variedades autóctonas de la zona.</p><figure class="wp-block-image size-large"><img loading="lazy" decoding="async" width="1024" height="297" src="https://olivellaibonet.com/new/wp-content/uploads/2022/02/cavas-olivella-i-bonet-1-e1711132552214-1024x297.jpg" alt="" class="wp-image-411" srcset="https://www.olivellaibonet.com/wp-content/uploads/2022/02/cavas-olivella-i-bonet-1-e1711132552214-1024x297.jpg 1024w, https://www.olivellaibonet.com/wp-content/uploads/2022/02/cavas-olivella-i-bonet-1-e1711132552214-800x232.jpg 800w, https://www.olivellaibonet.com/wp-content/uploads/2022/02/cavas-olivella-i-bonet-1-e1711132552214-300x87.jpg 300w, https://www.olivellaibonet.com/wp-content/uploads/2022/02/cavas-olivella-i-bonet-1-e1711132552214-768x223.jpg 768w, https://www.olivellaibonet.com/wp-content/uploads/2022/02/cavas-olivella-i-bonet-1-e1711132552214-1140x331.jpg 1140w, https://www.olivellaibonet.com/wp-content/uploads/2022/02/cavas-olivella-i-bonet-1-e1711132552214-920x267.jpg 920w, https://www.olivellaibonet.com/wp-content/uploads/2022/02/cavas-olivella-i-bonet-1-e1711132552214-575x167.jpg 575w, https://www.olivellaibonet.com/wp-content/uploads/2022/02/cavas-olivella-i-bonet-1-e1711132552214-380x110.jpg 380w, https://www.olivellaibonet.com/wp-content/uploads/2022/02/cavas-olivella-i-bonet-1-e1711132552214.jpg 1400w" sizes="auto, (max-width: 1024px) 100vw, 1024px" /></figure><p>Estas cavas durante muchos años han ido de la mano del señor Julià Olivella elaborando cavas de forma artesanal siguiendo el método tradicional de donde salían “Olivella i Bonet” y “Mont Caranac”. Ésta cava implicaba dedicación, trabajo y mucho esfuerzo que venía recompensado por la satisfacción de los clientes.</p><p>Hace unos 4 años, Julià Olivella decidió jubilarse y la cava quedo sin nadie que continuar con su legado, en ese momento Jaume Sabaté, amigo y distribuidor del cava desde hacía más de 36 años, decidió quedarse con la marca y producción de este.</p><p>Jaume Sabaté proviene de una familia vinícola cosa que ayudaba en esta toma de decisión. Quedarse con la marca “Olivella i Bonet” era un reto y a la vez un privilegio ya que es una marca emblemática del Penedés conocida por muchos clientes que no merecía la pena que se quedará sin continuidad en el sector del cava.</p><p>Después de cuatro años, Jaume Sabaté sigue elaborando la marca “Olivella i Bonet” i “Mont Caranac” con las mismas ganas y entusiasmo que lo hacia Julià Olivella. Los cavas se elaboran de forma artesanal siguiendo el método tradicional para obtener un producto de calidad superior con el que el cliente quede 100% satisfecho.</p><p>Nuestros cavas están elaborados siguiendo estrictos controles de temperatura durante las fermentaciones para así conseguir frescura y aroma en el producto final.</p><div id="athemes-blocks-block-e8b67f61" class="wp-block-athemes-athemes-blocks-block-container athemes-blocks-block athemes-blocks-block-e8b67f61 athemes-blocks-block-container alignfull"><div class="athemes-blocks-block-container-wrapper athemes-blocks-block-container-bg-cover athemes-blocks-block-container-bg-effect-scroll"><img class="athemes-blocks-background-image" width="1800" height="800" srcset="https://olivellaibonet.com/new/wp-content/uploads/2022/02/cavas-olivella-i-bonet-3-150x150.jpg 150w, https://olivellaibonet.com/new/wp-content/uploads/2022/02/cavas-olivella-i-bonet-3-300x133.jpg 300w, https://olivellaibonet.com/new/wp-content/uploads/2022/02/cavas-olivella-i-bonet-3-1024x455.jpg 1024w, https://olivellaibonet.com/new/wp-content/uploads/2022/02/cavas-olivella-i-bonet-3.jpg 1800w, " sizes="auto, (max-width: 1800px) 100vw, 1800px" alt="" loading="lazy"/><div class="athemes-blocks-block-container-wrapper-content"><p class="has-background has-large-font-size" style="background-color:#e3d4d4">Con este cambio de mandos, ya no nos podréis encontrar físicamente en la “Masia del Cava” en el Arboç pero nuestros productos están a la venta físicamente en Vinateria Tot Vi, en Reus y online en nuestra página web.</p></div></div></div>

<p>Todo empezó en los años 80, en l&#8217;Arboç del Penedés. Situada en la comarca del Penedés, famosa por sus vinos y cavas, nos encontramos la famosa “Masía del Cava” en [&hellip;]</p>
